late o(x).
0
Suppose 0 = n - 40 + 38. Suppose -a - 4*t = -7*t - 7, -n*a - 3*t = 13. Let p(k) be the third derivative of k**6/60 + k**5/60 - k**4/12 + k**2. What is p(a)?
-8
Let f(y) = 10*y - 118. Suppose 3*j + 2*m - 22 = 0, -133*m - 71 = -3*j - 128*m. Determine f(j).
2
Let p = 380 + -379. Let m(g) = 2*g - 2. Let v(j) = -18*j + 5. Let z(u) = 2*m(u) + v(u). Give z(p).
-13
Let q(d) = -5*d. Let h(i) = -8 + 3 + 5 + 3*i. Let z(m) = 11*h(m) + 6*q(m). Calculate z(3).
9
Let l(v) = -v**2 + 37*v - 93. Suppose 78 = 5*k - 92. Let d be l(k). Let r(u) = u**2 - 10*u - 7. What is r(d)?
-16
Let i(c) = 34*c + 128. Let d = 694 - 698. Give i(d).
-8
Suppose -3*f - 4*z = -1, 7*f - 2*f + 2*z - 11 = 0. Suppose -s - 3*s = f*o - 26, -4*o + 34 = 5*s. Let t(p) = p - 1. What is t(o)?
5
Let p(u) = 3*u**3 - 2*u**2 - u + 6. Let x be (-4)/3*((-2701)/(-74) + -38). Give p(x).
20
Let l = 242 - 248. Let c(a) be the second derivative of 1/2*a**2 + 0 - 1/2*a**3 + 3*a. What is c(l)?
19
Let m = -14 - -17. Suppose 3*h - 69 = -m*k, -3*h = -3*k + 22 + 53. Let n = -22 + k. Let q(c) = c**3 - 3*c**2 - 3*c + 2. Calculate q(n).
-8
Let n be (-38)/57 - (20/(-12) - -1). Let d(y) = -y**3 + 2*y**2 + y + 47. Determine d(n).
47
Let y(x) be the third derivative of -x**6/120 + 19*x**5/60 + 7*x**4/8 - 11*x**3/3 - 107*x**2. Suppose -973*o = -963*o - 200. Calculate y(o).
-2
Let x = 3679 + -3683. Let a(s) = 3*s + 9. What is a(x)?
-3
Let h(b) = 3*b**2 + 7*b + 2. Let o(t) = 6*t**2 + 12*t + 3. Let n(i) = -11*h(i) + 6*o(i). What is n(-5)?
96
Suppose 7 = 5*o - 3. Let t(x) = -2*x**2 + 6*x + 12. Let k be t(4). Let l(z) = -4*z + 4 + k + 3 - 11. Calculate l(o).
-8
Let a(m) be the second derivative of -m**4/12 + m**3/6 + m**2 - 7618*m. Let z = 6 + -4. Give a(z).
0
Let v(p) = -3*p - 15. Let o be v(-6). Let h be 3/(-6) - (-10)/4. Let d(c) = c**2 + 3*c - 8 + 19 - 10 - 2*c**h. What is d(o)?
1
Let s = -2039 - -2050. Let l(b) be the second derivative of -b**4/12 + 11*b**3/6 + 5*b**2/2 + 16*b. Give l(s).
5
Let n(s) = 1466*s**2 + s**3 - 28*s - 734*s**2 - 41 - 745*s**2. Determine n(15).
-11
Let h = -39 - -44. Suppose 10 = -h*r + 7*r. Suppose r*d + 6 = -d. Let s(q) = -7*q - 1. What is s(d)?
6
Let k(l) = l**3 + 7*l**2 + 10*l + 7. Let m = -184 - -182. Let g be 13/m + (-5)/(-10). Calculate k(g).
-17
Let y(m) be the first derivative of -6*m**2 - 115*m + 135. Let t be y(-10). Let a(j) = j**3 - 4*j**2 - 6*j. Give a(t).
-5
Let m(o) = 2*o + o + 22*o + 131 - 13*o. Give m(-11).
-1
Let i(j) be the second derivative of -6*j + 11/2*j**2 + 1 + 1/6*j**3. Calculate i(-6).
5
Let a(c) = 4*c + 11. Let z(g) = -5*g - 11. Let k(m) = 6*a(m) + 5*z(m). Suppose 18*x = 6*x + 108. Calculate k(x).
2
Let t(x) = 9*x - 203. Let z = 2316 - 2293. What is t(z)?
4
Let s(w) = w - 8. Let j = -20611 + 20604. Let m(z) = 21*z + 2 - 3 + z**3 + 5 + 10*z**2. Let x be m(j). Calculate s(x).
-4
Let w be (-6)/(6/(-3)*1). Let i(r) = 14 + 4 - 6 - 6 - 13 + 8*r. Calculate i(w).
17
Let o(c) = 6*c + 67. Let i(u) = -12*u - 130. Let x(w) = -2*i(w) - 5*o(w). Give x(-19).
39
Let v(c) = c**2 + c + 111. Suppose 35*r = 62*r - 35*r. What is v(r)?
111
Let s(c) = -c**2 - 13. Let m = 102 - 102. Suppose m = -5*i + 7*i. Determine s(i).
-13
Let y(v) = -2*v - 21. Let t(d) = -d**3 + 8*d**2 + 4*d - 37. Let j be t(8). Give y(j).
-11
Let q(t) = 5*t + 1. Let x be q(2). Let r = -1570 + 1571. Let s(i) = 12*i + x*i - r - 21*i. What is s(1)?
1
Let l be 1441/165 + 32/120. Let x(v) = -3*v**2 + 28*v - 13. Give x(l).
-4
Suppose -3*w = -2*r - 2, -r + 6*w - 3*w = 7. Let d(h) = -5*h**2 + h - 3. Let m(k) = -16*k**2 + 3*k + 0*k - 7 + 5*k**2. Let l(j) = 13*d(j) - 6*m(j). Give l(r).
3
Let d be (3 + (-10)/14)/((-106)/(-371)). Let l(s) = -s**2 + 9*s - 18. Give l(d).
-10
Suppose -220*o = -1205 + 105. Let a(l) = 2*l**2 - 10*l + 7. Determine a(o).
7
Let k(r) be the second derivative of -r**3/6 - 3*r**2 + 1787*r. Let t(z) = z**3 - 9*z**2 + z - 1. Let w be t(9). Suppose -w*f + 3*f + 30 = 0. What is k(f)?
-12
Suppose 5*b - 6 = 2*o, -3*b - 163*o = -166*o. Let g(a) = -4 + 2*a + 1 + 5*a. What is g(b)?
11
Let p(h) be the first derivative of -h**2 + 18*h - 4555. What is p(-17)?
52
Let v be (-9 - 136/(-16))/(8/192). Let n(f) = -2*f**2 - 20*f + 4. Determine n(v).
-44
Let c(n) be the first derivative of -n**4/4 - 5*n**3/3 - n**2 + 3*n + 8. Let f(l) = 4*l**2 - 449*l + 552. Let v be f(111). Determine c(v).
-9
Let u(c) = 5*c**2 - 3*c. Suppose 122 = -15*h + 175 - 83. What is u(h)?
26
Suppose 5*m = -3*u + 614, 0 = 3*m - 5*u + u - 351. Let q = m - 131. Let j(c) = -c**3 - 11*c**2 - 9*c + 13. Calculate j(q).
3
Let n(z) = -z**2 + 42 - 43 - 7*z - 2*z. Let i be 2/2 - (-6 - -16). Let s(u) = u + 1. Let y be s(i). Give n(y).
7
Let m(z) = z. Let s(k) = -k + 8. Let c(h) = -5*m(h) + s(h). Let n be c(2). Let j(x) = x**3 + 0 + 5*x**2 + 0. Calculate j(n).
16
Let j(l) = -3*l**3 - 8*l**2 + l + 16. Let q(w) = -4*w**3 - 9*w**2 + 20. Let h(u) = 5*j(u) - 4*q(u). Determine h(3).
6
Let c = 814 + -798. Suppose -6*u - 11*u - c*u = 0. Let t(b) = b - 5. Give t(u).
-5
Let l(h) be the second derivative of h**5/20 + 7*h**4/12 + h**3/2 - 2*h**2 + 558*h. Give l(-6).
14
Suppose -3 = -3*k - 0*k. Let r be 0/k + 2 + 3. Let f(n) = -7181074*n + 7181070*n + 2*n**2 + 4*n**2 - 5 - n**3. Give f(r).
0
Let k = 63 - 83. Let q be k/(-45)*-3*-3. Let d(j) = -j**2 - 2*j + 6*j - q*j + 6*j - 1. Give d(4).
7
Let z(d) = -d**3 + 6*d**2 - 4*d - 6. Suppose 2*p + 0*b + 4*b = -12, 0 = 5*b + 20. Suppose p*j - 36 = -7*j. What is z(j)?
10
Let d(t) be the second derivative of t**5/20 - 5*t**4/4 - 19*t**3/6 + 19*t**2 - 434*t. Give d(16).
-10
Let r(z) = 12*z**2 + z + 2. Let a(v) = 61*v**2 + 5*v + 16. Let t(n) = -a(n) + 5*r(n). Give t(0).
-6
Let q(y) = 4*y + 47. Let f(x) = x - 3. Let w(b) = 2*f(b) - q(b). Give w(-29).
5
Let c(d) = d**3 - 6 - 15*d - 16*d + 42*d + 3*d**2 + 0*d**3 - 15*d. Suppose b - 2 = -6. Let p be c(b). Let s(y) = -y**2 - 8*y - 9. Determine s(p).
3
Let x(r) = 6*r - 27 + 15*r + 23*r - 46*r + r. Give x(-9).
-18
Let f(p) = -4 + 1 + 1 - 6*p. Suppose -j + 392 = 2*t + 383, -t = -j. What is f(t)?
-20
Let n be 186 - (-3)/(3/4). Let p(k) = 1 + n*k - 99*k - 92*k. Determine p(5).
-4
Let y(h) be the first derivative of -h**3 + 11*h**2/2 + 29*h + 277. Let q be y(-2). Let v(l) = -l**3 - 5*l**2 - 5*l. Give v(q).
25
Let m be 1218/168 + (-10 - -4) - (-14)/8. Let r(g) = -g**2 + 16*g - 49. What is r(m)?
-10
Let m(d) = -13 + 67*d**2 + 63*d**2 - 12*d - 190*d**2 + 59*d**2 + 18. What is m(-8)?
37
Let m(w) be the first derivative of -5*w**2 - 17*w + 229. Let i be m(-1). Let p(a) = a**3 + 5*a**2 - 10*a + 1. Determine p(i).
-27
Let j(v) = 5. Let b(t) = t**3 + 6. Let u be (-3)/(3 + (-72)/30). Let a(g) = u*j(g) + 4*b(g). What is a(1)?
3
Let f(z) = -z**3 + 18*z**2 - 32*z + 20. Suppose 34*o + 136*o = 26*o + 2304. Give f(o).
20
Suppose -49 + 247 = 22*z. Let l(w) = -12*w - 9. Let v(k) = 5*k + 4. Let u(g) = z*v(g) + 4*l(g). What is u(3)?
-9
Let d(g) = -646*g - 81. Let o(m) = 58*m + 1. Let q(n) = 2*d(n) + 22*o(n). Give q(-9).
4
Let g(o) be the third derivative of -13*o**6/120 - o**5/30 + o**3/6 - o**2 + 1213. Let p = 1 + 0. Calculate g(p).
-14
Let i be (-1*4*-1)/(28 + -69 + 40). Let u(n) = 8*n**2 + 6*n + 4. Determine u(i).
108
Let x(g) = 17*g**2 - 7*g + 13. Let c(h) be the first derivative of 38*h**3/3 - 7*h**2 + 27*h - 150. Let k(j) = 4*c(j) - 9*x(j). Calculate k(6).
-3
Let q(n) = 42*n - 34. Let r(f) = -2*f + 1. Let l(b) = q(b) + 20*r(b). Give l(10).
6
Let i(o) = -37*o + 879 + 905 + 40*o - 1808. Calculate i(2).
-18
Let d(m) = -m**3 - 15*m**2 + 2*m + 32. Let i(t) = 80*t - 95. Let q be i(1). Determine d(q).
2
Let n(q) = 7*q - 136. Suppose 0 = -23*b + 5*b + 342. Let s be n(b). Let t(y) = 2*y - 4. Give t(s).
-10
Let i(j) = -j. Let r(t) = 4*t. Let q(z) = -3. Let k(c) = 2*q(c) + r(c). Let a(n) = -5*i(n) - k(n). Calculate a(-6).
0
Let b(x) = -5*x - 10. Let p(k) = -3*k - 1. Let w(u) = b(u) - 9*p(u). What is w(-1)?
-23
Let t(b) be the third derivative of -b**6/120 - 43*b**5/60 - 5*b**4/24 - 217*b**3/6 - 5674*b**2. What is t(-43)?
-2
Let u(r) = 4*r + 8. Suppose 0 = 75*k - 72*k - 15. Let q be 2/k + 351/(-65). Calculate u(q).
-12
Let y = 19725 - 19728. Let w(m) = m**2 + 7. Determine w(y).
16
Let c(j) = 5*j**2 - 13*j - 10. Let o(y) = -y - 1. Let k(w) = -c(w) + 4*o(w). Let g(h) = 11*h**2 - 20*h - 12. Let b(m) = -6*g(m) -